{"id":87,"date":"2019-10-13T13:25:57","date_gmt":"2019-10-13T11:25:57","guid":{"rendered":"http:\/\/le3.ovh\/?page_id=87"},"modified":"2022-08-04T16:53:33","modified_gmt":"2022-08-04T14:53:33","slug":"que-voir-sur-place","status":"publish","type":"page","link":"https:\/\/le3.ovh\/index.php\/pour-venir\/que-voir-sur-place\/","title":{"rendered":"Que voir encore"},"content":{"rendered":"\n<h2 class=\"wp-block-heading\"><strong>Le ch\u00e2teau de Bazoches<\/strong><\/h2>\n\n\n\n<p style=\"color:#0010a3\" class=\"has-text-color has-medium-font-size\">Demeure de la comtesse H\u00e9l\u00e8ne de Sigalas, n\u00e9e de Hurault de Vibraye et \u00e9galement propri\u00e9taire du ch\u00e2teau de Cheverny (ch\u00e2teau de Moulinsart dans Tintin)<\/p>\n\n\n\n<p style=\"color:#001aa3\" class=\"has-text-color has-medium-font-size\">Le ch\u00e2teau de Bazoches est ferm\u00e9 aux visites du 11 novembre au mois de mars.<\/p>\n\n\n\n<figure class=\"wp-block-image\"><img loading=\"lazy\" decoding=\"async\" width=\"1024\" height=\"473\" src=\"http:\/\/le3.ovh\/wp-content\/uploads\/2019\/10\/IMG_0234-1024x473.jpg\" alt=\"\" class=\"wp-image-112\" srcset=\"https:\/\/le3.ovh\/wp-content\/uploads\/2019\/10\/IMG_0234-1024x473.jpg 1024w, https:\/\/le3.ovh\/wp-content\/uploads\/2019\/10\/IMG_0234-300x139.jpg 300w, https:\/\/le3.ovh\/wp-content\/uploads\/2019\/10\/IMG_0234-768x355.jpg 768w\" sizes=\"auto, (max-width: 706px) 89vw, (max-width: 767px) 82vw, 740px\" \/><\/figure>\n\n\n\n<h2 class=\"wp-block-heading\"><strong>Saint-P\u00e8re,&nbsp;son&nbsp;\u00e9glise,&nbsp;ses&nbsp;artisans<\/strong><\/h2>\n\n\n\n<p style=\"color:#1c00a3\" class=\"has-text-color has-medium-font-size\">Ce petit village au pied de V\u00e9zelay rec\u00e8le de bien de surprises, son \u00e9glise \u00e0 l&#8217;apparence si particuli\u00e8re, un sabotier (de vrais sabots de Hollande 39\u20ac la paire) une huilerie, un artisan verrier, et, une brasserie artisanale. Attention hors saison beaucoup d&#8217;activit\u00e9s sont ferm\u00e9es.<\/p>\n\n\n\n<p class=\"has-text-color has-vivid-red-color\"><strong><a href=\"http:\/\/brasseriedevezelay.fr\/?lang=fr\">Voir le site internet de la brasserie<\/a><\/strong><\/p>\n\n\n\n<p><\/p>\n\n\n\n<div class=\"wp-block-image\"><figure class=\"aligncenter is-resized\"><img loading=\"lazy\" decoding=\"async\" src=\"http:\/\/le3.ovh\/wp-content\/uploads\/2019\/10\/IMG_0877-e1570972362366-768x1024.jpg\" alt=\"\" class=\"wp-image-128\" width=\"283\" height=\"377\" srcset=\"https:\/\/le3.ovh\/wp-content\/uploads\/2019\/10\/IMG_0877-e1570972362366-768x1024.jpg 768w, https:\/\/le3.ovh\/wp-content\/uploads\/2019\/10\/IMG_0877-e1570972362366-225x300.jpg 225w\" sizes=\"auto, (max-width: 283px) 100vw, 283px\" \/><\/figure><\/div>\n\n\n\n<div class=\"wp-block-image\"><figure class=\"aligncenter is-resized\"><img loading=\"lazy\" decoding=\"async\" src=\"http:\/\/le3.ovh\/wp-content\/uploads\/2019\/10\/IMG_0875-e1570972342514-768x1024.jpg\" alt=\"\" class=\"wp-image-126\" width=\"281\" height=\"374\" srcset=\"https:\/\/le3.ovh\/wp-content\/uploads\/2019\/10\/IMG_0875-e1570972342514-768x1024.jpg 768w, https:\/\/le3.ovh\/wp-content\/uploads\/2019\/10\/IMG_0875-e1570972342514-225x300.jpg 225w\" sizes=\"auto, (max-width: 281px) 100vw, 281px\" \/><\/figure><\/div>\n\n\n\n<p style=\"text-align:left\"><\/p>\n\n\n\n<p style=\"color:#0010a3\" class=\"has-text-color has-medium-font-size\">Promenade de 3 heures jusqu&#8217;\u00e0 Saint Aubin des Chaumes, en face de face de Bazoches ou en poussant jusqu&#8217;\u00e0 5 heures en allant jusqu&#8217;au mont Sabot.<\/p>\n\n\n\n<div class=\"wp-block-image\"><figure class=\"aligncenter is-resized\"><img loading=\"lazy\" decoding=\"async\" src=\"http:\/\/le3.ovh\/wp-content\/uploads\/2019\/10\/IMG_0860-2-768x1024.jpg\" alt=\"\" class=\"wp-image-121\" width=\"280\" height=\"372\" srcset=\"https:\/\/le3.ovh\/wp-content\/uploads\/2019\/10\/IMG_0860-2-768x1024.jpg 768w, https:\/\/le3.ovh\/wp-content\/uploads\/2019\/10\/IMG_0860-2-225x300.jpg 225w\" sizes=\"auto, (max-width: 280px) 100vw, 280px\" \/><\/figure><\/div>\n\n\n\n<div class=\"wp-block-image\"><figure class=\"aligncenter is-resized\"><img loading=\"lazy\" decoding=\"async\" src=\"http:\/\/le3.ovh\/wp-content\/uploads\/2019\/10\/IMG_0548-1024x768.jpg\" alt=\"\" class=\"wp-image-113\" width=\"287\" height=\"215\" srcset=\"https:\/\/le3.ovh\/wp-content\/uploads\/2019\/10\/IMG_0548-1024x768.jpg 1024w, https:\/\/le3.ovh\/wp-content\/uploads\/2019\/10\/IMG_0548-300x225.jpg 300w, https:\/\/le3.ovh\/wp-content\/uploads\/2019\/10\/IMG_0548-768x576.jpg 768w, https:\/\/le3.ovh\/wp-content\/uploads\/2019\/10\/IMG_0548.jpg 2016w\" sizes=\"auto, (max-width: 287px) 100vw, 287px\" \/><figcaption>vue sur V\u00e9zelay<br><br><br><br><br><\/figcaption><\/figure><\/div>\n\n\n\n<figure class=\"wp-block-image\"><img loading=\"lazy\" decoding=\"async\" width=\"1024\" height=\"691\" src=\"http:\/\/le3.ovh\/wp-content\/uploads\/2019\/10\/IMG_0867-2-1024x691.jpg\" alt=\"\" class=\"wp-image-125\" srcset=\"https:\/\/le3.ovh\/wp-content\/uploads\/2019\/10\/IMG_0867-2-1024x691.jpg 1024w, https:\/\/le3.ovh\/wp-content\/uploads\/2019\/10\/IMG_0867-2-300x203.jpg 300w, https:\/\/le3.ovh\/wp-content\/uploads\/2019\/10\/IMG_0867-2-768x518.jpg 768w, https:\/\/le3.ovh\/wp-content\/uploads\/2019\/10\/IMG_0867-2.jpg 1117w\" sizes=\"auto, (max-width: 706px) 89vw, (max-width: 767px) 82vw, 740px\" \/><\/figure>\n\n\n\n<div class=\"wp-block-image\"><figure class=\"aligncenter\"><img loading=\"lazy\" decoding=\"async\" width=\"464\" height=\"1024\" src=\"http:\/\/le3.ovh\/wp-content\/uploads\/2019\/10\/IMG_1025-e1570985158576-464x1024.jpg\" alt=\"\" class=\"wp-image-190\" srcset=\"https:\/\/le3.ovh\/wp-content\/uploads\/2019\/10\/IMG_1025-e1570985158576-464x1024.jpg 464w, https:\/\/le3.ovh\/wp-content\/uploads\/2019\/10\/IMG_1025-e1570985158576-136x300.jpg 136w, https:\/\/le3.ovh\/wp-content\/uploads\/2019\/10\/IMG_1025-e1570985158576-768x1695.jpg 768w, https:\/\/le3.ovh\/wp-content\/uploads\/2019\/10\/IMG_1025-e1570985158576.jpg 1683w\" sizes=\"auto, (max-width: 464px) 100vw, 464px\" \/><\/figure><\/div>\n\n\n\n<div class=\"wp-block-image\"><figure class=\"aligncenter\"><img loading=\"lazy\" decoding=\"async\" width=\"462\" height=\"1024\" src=\"http:\/\/le3.ovh\/wp-content\/uploads\/2019\/10\/IMG_1028-462x1024.jpg\" alt=\"\" class=\"wp-image-201\" srcset=\"https:\/\/le3.ovh\/wp-content\/uploads\/2019\/10\/IMG_1028-462x1024.jpg 462w, https:\/\/le3.ovh\/wp-content\/uploads\/2019\/10\/IMG_1028-135x300.jpg 135w, https:\/\/le3.ovh\/wp-content\/uploads\/2019\/10\/IMG_1028-768x1701.jpg 768w, https:\/\/le3.ovh\/wp-content\/uploads\/2019\/10\/IMG_1028.jpg 1747w\" sizes=\"auto, (max-width: 462px) 100vw, 462px\" \/><\/figure><\/div>\n\n\n\n<div class=\"wp-block-image\"><figure class=\"aligncenter\"><img loading=\"lazy\" decoding=\"async\" width=\"488\" height=\"1024\" src=\"http:\/\/le3.ovh\/wp-content\/uploads\/2019\/10\/IMG_1029-488x1024.jpg\" alt=\"\" class=\"wp-image-202\" srcset=\"https:\/\/le3.ovh\/wp-content\/uploads\/2019\/10\/IMG_1029-488x1024.jpg 488w, https:\/\/le3.ovh\/wp-content\/uploads\/2019\/10\/IMG_1029-143x300.jpg 143w, https:\/\/le3.ovh\/wp-content\/uploads\/2019\/10\/IMG_1029-768x1612.jpg 768w, https:\/\/le3.ovh\/wp-content\/uploads\/2019\/10\/IMG_1029.jpg 1756w\" sizes=\"auto, (max-width: 488px) 100vw, 488px\" \/><\/figure><\/div>\n\n\n\n<div class=\"wp-block-image\"><figure class=\"aligncenter\"><img loading=\"lazy\" decoding=\"async\" width=\"496\" height=\"1024\" src=\"http:\/\/le3.ovh\/wp-content\/uploads\/2019\/10\/IMG_1030-496x1024.jpg\" alt=\"\" class=\"wp-image-203\" srcset=\"https:\/\/le3.ovh\/wp-content\/uploads\/2019\/10\/IMG_1030-496x1024.jpg 496w, https:\/\/le3.ovh\/wp-content\/uploads\/2019\/10\/IMG_1030-145x300.jpg 145w, https:\/\/le3.ovh\/wp-content\/uploads\/2019\/10\/IMG_1030-768x1587.jpg 768w, https:\/\/le3.ovh\/wp-content\/uploads\/2019\/10\/IMG_1030.jpg 1841w\" sizes=\"auto, (max-width: 496px) 100vw, 496px\" \/><\/figure><\/div>\n\n\n\n<figure class=\"wp-block-image\"><img loading=\"lazy\" decoding=\"async\" width=\"711\" height=\"1024\" src=\"http:\/\/le3.ovh\/wp-content\/uploads\/2019\/10\/IMG_1022-711x1024.jpg\" alt=\"\" class=\"wp-image-187\" srcset=\"https:\/\/le3.ovh\/wp-content\/uploads\/2019\/10\/IMG_1022-711x1024.jpg 711w, https:\/\/le3.ovh\/wp-content\/uploads\/2019\/10\/IMG_1022-208x300.jpg 208w, https:\/\/le3.ovh\/wp-content\/uploads\/2019\/10\/IMG_1022-768x1107.jpg 768w\" sizes=\"auto, (max-width: 711px) 100vw, 711px\" \/><\/figure>\n\n\n\n<div class=\"wp-block-image\"><figure class=\"aligncenter\"><img loading=\"lazy\" decoding=\"async\" width=\"484\" height=\"1024\" src=\"http:\/\/le3.ovh\/wp-content\/uploads\/2019\/10\/IMG_1031-484x1024.jpg\" alt=\"\" class=\"wp-image-204\" srcset=\"https:\/\/le3.ovh\/wp-content\/uploads\/2019\/10\/IMG_1031-484x1024.jpg 484w, https:\/\/le3.ovh\/wp-content\/uploads\/2019\/10\/IMG_1031-142x300.jpg 142w, https:\/\/le3.ovh\/wp-content\/uploads\/2019\/10\/IMG_1031-768x1623.jpg 768w, https:\/\/le3.ovh\/wp-content\/uploads\/2019\/10\/IMG_1031.jpg 1861w\" sizes=\"auto, (max-width: 484px) 100vw, 484px\" \/><\/figure><\/div>\n\n\n\n<div class=\"wp-block-image\"><figure class=\"aligncenter\"><img loading=\"lazy\" decoding=\"async\" width=\"472\" height=\"1024\" src=\"http:\/\/le3.ovh\/wp-content\/uploads\/2019\/10\/IMG_1032-472x1024.jpg\" alt=\"\" class=\"wp-image-205\" srcset=\"https:\/\/le3.ovh\/wp-content\/uploads\/2019\/10\/IMG_1032-472x1024.jpg 472w, https:\/\/le3.ovh\/wp-content\/uploads\/2019\/10\/IMG_1032-138x300.jpg 138w, https:\/\/le3.ovh\/wp-content\/uploads\/2019\/10\/IMG_1032-768x1665.jpg 768w, https:\/\/le3.ovh\/wp-content\/uploads\/2019\/10\/IMG_1032.jpg 1770w\" sizes=\"auto, (max-width: 472px) 100vw, 472px\" \/><\/figure><\/div>\n\n\n\n<div class=\"wp-block-image\"><figure class=\"aligncenter\"><img loading=\"lazy\" decoding=\"async\" width=\"488\" height=\"1024\" src=\"http:\/\/le3.ovh\/wp-content\/uploads\/2019\/10\/IMG_1033-488x1024.jpg\" alt=\"\" class=\"wp-image-206\" srcset=\"https:\/\/le3.ovh\/wp-content\/uploads\/2019\/10\/IMG_1033-488x1024.jpg 488w, https:\/\/le3.ovh\/wp-content\/uploads\/2019\/10\/IMG_1033-143x300.jpg 143w, https:\/\/le3.ovh\/wp-content\/uploads\/2019\/10\/IMG_1033-768x1612.jpg 768w, https:\/\/le3.ovh\/wp-content\/uploads\/2019\/10\/IMG_1033.jpg 1806w\" sizes=\"auto, (max-width: 488px) 100vw, 488px\" \/><\/figure><\/div>\n\n\n\n<figure class=\"wp-block-image\"><img loading=\"lazy\" decoding=\"async\" width=\"768\" height=\"1024\" src=\"http:\/\/le3.ovh\/wp-content\/uploads\/2019\/10\/IMG_1019-768x1024.jpg\" alt=\"\" class=\"wp-image-185\" srcset=\"https:\/\/le3.ovh\/wp-content\/uploads\/2019\/10\/IMG_1019-768x1024.jpg 768w, https:\/\/le3.ovh\/wp-content\/uploads\/2019\/10\/IMG_1019-225x300.jpg 225w\" sizes=\"auto, (max-width: 706px) 89vw, (max-width: 767px) 82vw, 740px\" \/><\/figure>\n\n\n\n<figure class=\"wp-block-image\"><img loading=\"lazy\" decoding=\"async\" width=\"735\" height=\"1024\" src=\"http:\/\/le3.ovh\/wp-content\/uploads\/2019\/10\/IMG_1026-e1570985174994-735x1024.jpg\" alt=\"\" class=\"wp-image-191\" srcset=\"https:\/\/le3.ovh\/wp-content\/uploads\/2019\/10\/IMG_1026-e1570985174994-735x1024.jpg 735w, https:\/\/le3.ovh\/wp-content\/uploads\/2019\/10\/IMG_1026-e1570985174994-215x300.jpg 215w, https:\/\/le3.ovh\/wp-content\/uploads\/2019\/10\/IMG_1026-e1570985174994-768x1070.jpg 768w\" sizes=\"auto, (max-width: 735px) 100vw, 735px\" \/><\/figure>\n","protected":false},"excerpt":{"rendered":"<p>Le ch\u00e2teau de Bazoches Demeure de la comtesse H\u00e9l\u00e8ne de Sigalas, n\u00e9e de Hurault de Vibraye et \u00e9galement propri\u00e9taire du ch\u00e2teau de Cheverny (ch\u00e2teau de Moulinsart dans Tintin) Le ch\u00e2teau de Bazoches est ferm\u00e9 aux visites du 11 novembre au mois de mars. Saint-P\u00e8re,&nbsp;son&nbsp;\u00e9glise,&nbsp;ses&nbsp;artisans Ce petit village au pied de V\u00e9zelay rec\u00e8le de bien de &hellip; <\/p>\n<p class=\"link-more\"><a href=\"https:\/\/le3.ovh\/index.php\/pour-venir\/que-voir-sur-place\/\" class=\"more-link\">Continue reading<span class=\"screen-reader-text\"> &#8220;Que voir encore&#8221;<\/span><\/a><\/p>\n","protected":false},"author":1,"featured_media":0,"parent":92,"menu_order":7,"comment_status":"closed","ping_status":"closed","template":"","meta":{"footnotes":""},"class_list":["post-87","page","type-page","status-publish","hentry"],"_links":{"self":[{"href":"https:\/\/le3.ovh\/index.php\/wp-json\/wp\/v2\/pages\/87","targetHints":{"allow":["GET"]}}],"collection":[{"href":"https:\/\/le3.ovh\/index.php\/wp-json\/wp\/v2\/pages"}],"about":[{"href":"https:\/\/le3.ovh\/index.php\/wp-json\/wp\/v2\/types\/page"}],"author":[{"embeddable":true,"href":"https:\/\/le3.ovh\/index.php\/wp-json\/wp\/v2\/users\/1"}],"replies":[{"embeddable":true,"href":"https:\/\/le3.ovh\/index.php\/wp-json\/wp\/v2\/comments?post=87"}],"version-history":[{"count":19,"href":"https:\/\/le3.ovh\/index.php\/wp-json\/wp\/v2\/pages\/87\/revisions"}],"predecessor-version":[{"id":255,"href":"https:\/\/le3.ovh\/index.php\/wp-json\/wp\/v2\/pages\/87\/revisions\/255"}],"up":[{"embeddable":true,"href":"https:\/\/le3.ovh\/index.php\/wp-json\/wp\/v2\/pages\/92"}],"wp:attachment":[{"href":"https:\/\/le3.ovh\/index.php\/wp-json\/wp\/v2\/media?parent=87"}],"curies":[{"name":"wp","href":"https:\/\/api.w.org\/{rel}","templated":true}]}}