{"id":57,"date":"2019-10-13T00:47:13","date_gmt":"2019-10-12T22:47:13","guid":{"rendered":"http:\/\/le3.ovh\/?page_id=57"},"modified":"2025-06-27T10:36:35","modified_gmt":"2025-06-27T08:36:35","slug":"pratique-sur-place","status":"publish","type":"page","link":"https:\/\/le3.ovh\/index.php\/pour-venir\/pratique-sur-place\/","title":{"rendered":"Services sur place"},"content":{"rendered":"\n<p class=\"has-text-color has-medium-font-size\" style=\"color:#0310c4\">Vous trouverez tout sur place, march\u00e9, boucher traiteur, \u00e9picerie, boulanger et supermarch\u00e9 \u00e0 condition de prendre la voiture.<\/p>\n\n\n\n<p class=\"has-vivid-cyan-blue-color has-text-color has-medium-font-size\"><strong>D&#8217;une fa\u00e7on g\u00e9n\u00e9rale pr\u00e9voyez toujours de v\u00e9rifier les heures d&#8217;ouvertures avant de vous d\u00e9placer chez un commer\u00e7ant, les horaires peuvent varier selon les saisons&#8230;<\/strong><\/p>\n\n\n\n<h2 class=\"wp-block-heading\"><strong>Tourn\u00e9e du camion \u00e9picerie<\/strong><\/h2>\n\n\n\n<p class=\"has-vivid-cyan-blue-color has-text-color has-medium-font-size\"><strong>Le camion s&#8217;arr\u00eate devant la maison tous les mardis, il est bien achaland\u00e9. Il est possible de t\u00e9l\u00e9phoner pour passer une commande 0785729212 et pr\u00e9ciser qu&#8217;il s&#8217;agit du 1, rue de la Flore \u00e0 Bazoches<\/strong><\/p>\n\n\n\n<h1 class=\"wp-block-heading\"><strong><em>Un must, le march\u00e9 d&#8217;Avallon<\/em><\/strong> \ud83d\udc4d\ud83d\udc4d\ud83d\udc4d<\/h1>\n\n\n\n<p class=\"has-text-color has-medium-font-size\" style=\"color:#0616c4\">Tous les samedis matin et jeudi matin. Son march\u00e9 couvert avec des produits r\u00e9gionaux de grande qualit\u00e9 :  l\u00e9gumes, viandes, charcuteries, poulets r\u00f4tis, paella, poissons et fromages. Le march\u00e9 se poursuit avec ses stands en ext\u00e9rieur, d&#8217;un c\u00f4t\u00e9 de l&#8217;alimentaire et de l&#8217;autre chaussures, pr\u00eat \u00e0 porter, gadgets etc. Le d\u00e9tour en vaut la peine&#8230;<\/p>\n\n\n<div class=\"wp-block-image\">\n<figure class=\"aligncenter is-resized\"><img loading=\"lazy\" decoding=\"async\" width=\"1024\" height=\"768\" src=\"http:\/\/le3.ovh\/wp-content\/uploads\/2019\/10\/March\u00e9-couvert-Avallon-1024x768.jpg\" alt=\"\" class=\"wp-image-63\" style=\"width:608px;height:456px\" srcset=\"https:\/\/le3.ovh\/wp-content\/uploads\/2019\/10\/March\u00e9-couvert-Avallon-1024x768.jpg 1024w, https:\/\/le3.ovh\/wp-content\/uploads\/2019\/10\/March\u00e9-couvert-Avallon-300x225.jpg 300w, https:\/\/le3.ovh\/wp-content\/uploads\/2019\/10\/March\u00e9-couvert-Avallon-768x576.jpg 768w\" sizes=\"auto, (max-width: 706px) 89vw, (max-width: 767px) 82vw, 740px\" \/><\/figure>\n<\/div>\n\n\n<p class=\"has-text-align-center has-text-color has-medium-font-size\" style=\"color:#0010a3\">et en ext\u00e9rieur, des \u00e9pices, des olives (de vraies olives) du miel, des plats cuisin\u00e9s (travers de porc, lasagne, poulet label rouge) des g\u00e2teaux&#8230;<\/p>\n\n\n<div class=\"wp-block-image\">\n<figure class=\"aligncenter is-resized\"><img loading=\"lazy\" decoding=\"async\" width=\"1024\" height=\"768\" src=\"http:\/\/le3.ovh\/wp-content\/uploads\/2019\/10\/March\u00e9-avallon-2-1024x768.jpg\" alt=\"\" class=\"wp-image-61\" style=\"width:279px;height:210px\" srcset=\"https:\/\/le3.ovh\/wp-content\/uploads\/2019\/10\/March\u00e9-avallon-2-1024x768.jpg 1024w, https:\/\/le3.ovh\/wp-content\/uploads\/2019\/10\/March\u00e9-avallon-2-300x225.jpg 300w, https:\/\/le3.ovh\/wp-content\/uploads\/2019\/10\/March\u00e9-avallon-2-768x576.jpg 768w\" sizes=\"auto, (max-width: 706px) 89vw, (max-width: 767px) 82vw, 740px\" \/><\/figure>\n<\/div>\n\n<div class=\"wp-block-image\">\n<figure class=\"aligncenter is-resized\"><img loading=\"lazy\" decoding=\"async\" width=\"1024\" height=\"768\" src=\"http:\/\/le3.ovh\/wp-content\/uploads\/2019\/10\/March\u00e9-Avallon-1024x768.jpg\" alt=\"\" class=\"wp-image-62\" style=\"width:277px;height:207px\" srcset=\"https:\/\/le3.ovh\/wp-content\/uploads\/2019\/10\/March\u00e9-Avallon-1024x768.jpg 1024w, https:\/\/le3.ovh\/wp-content\/uploads\/2019\/10\/March\u00e9-Avallon-300x225.jpg 300w, https:\/\/le3.ovh\/wp-content\/uploads\/2019\/10\/March\u00e9-Avallon-768x576.jpg 768w\" sizes=\"auto, (max-width: 706px) 89vw, (max-width: 767px) 82vw, 740px\" \/><\/figure>\n<\/div>\n\n\n<h1 class=\"wp-block-heading has-vivid-cyan-blue-color has-text-color has-link-color wp-elements-fd0e5a5bc4b4f04bf1be125a6db68f15\"><strong>La boucherie est \u00e0 Avallon<\/strong><\/h1>\n\n\n\n<p class=\"has-vivid-cyan-blue-color has-text-color has-link-color has-medium-font-size wp-elements-bbcb3b3657f663c808fa4a35fb44bffb\"><strong>Equip\u00e9e comme une grande avec vieillissement de la viande, plats cuisin\u00e9s sans compter les charcuteries&#8230;<\/strong><\/p>\n\n\n\n<figure class=\"wp-block-image size-large\"><img loading=\"lazy\" decoding=\"async\" width=\"1024\" height=\"599\" src=\"http:\/\/le3.ovh\/wp-content\/uploads\/2025\/06\/boucherie-1024x599.jpeg\" alt=\"\" class=\"wp-image-410\" srcset=\"https:\/\/le3.ovh\/wp-content\/uploads\/2025\/06\/boucherie-1024x599.jpeg 1024w, https:\/\/le3.ovh\/wp-content\/uploads\/2025\/06\/boucherie-300x175.jpeg 300w, https:\/\/le3.ovh\/wp-content\/uploads\/2025\/06\/boucherie-768x449.jpeg 768w, https:\/\/le3.ovh\/wp-content\/uploads\/2025\/06\/boucherie.jpeg 1284w\" sizes=\"auto, (max-width: 706px) 89vw, (max-width: 767px) 82vw, 740px\" \/><\/figure>\n\n\n\n<p class=\"has-vivid-cyan-blue-color has-text-color has-medium-font-size\"><strong>Le primeur est \u00e0 Avallon, le Silo rouge<\/strong><\/p>\n\n\n\n<p class=\"has-vivid-cyan-blue-color has-text-color has-link-color has-medium-font-size wp-elements-f19e07c281ed849b1e203dad1e452ee5\"><strong>Attention vous n&#8217;y trouvez que les fruits et l\u00e9gumes de saison qui sont produits sur place, toute la marchandise provient des producteurs locaux<\/strong><\/p>\n\n\n\n<figure class=\"wp-block-image size-large\"><img loading=\"lazy\" decoding=\"async\" width=\"1024\" height=\"751\" src=\"http:\/\/le3.ovh\/wp-content\/uploads\/2025\/06\/silo-1024x751.jpeg\" alt=\"\" class=\"wp-image-409\" srcset=\"https:\/\/le3.ovh\/wp-content\/uploads\/2025\/06\/silo-1024x751.jpeg 1024w, https:\/\/le3.ovh\/wp-content\/uploads\/2025\/06\/silo-300x220.jpeg 300w, https:\/\/le3.ovh\/wp-content\/uploads\/2025\/06\/silo-768x563.jpeg 768w, https:\/\/le3.ovh\/wp-content\/uploads\/2025\/06\/silo.jpeg 1284w\" sizes=\"auto, (max-width: 706px) 89vw, (max-width: 767px) 82vw, 740px\" \/><\/figure>\n\n\n\n<h2 class=\"wp-block-heading\" style=\"font-size:25px\"><strong>Macadr\u00e9 Traiteur \u00e0 Lormes<\/strong><\/h2>\n\n\n\n<p>A visiter surtout en fin de semaine pour ses coquilles Saint Jacques, sinon saucissons et p\u00e2t\u00e9s sont excellents <\/p>\n\n\n\n<p>Oivert du mardi au samedi de 08:30 \u00e0 12:30 et de 15:00 \u00e0 19:00, le dimanche de 08:30 \u00e0 12:30<\/p>\n\n\n\n<figure class=\"wp-block-gallery has-nested-images columns-default is-cropped wp-block-gallery-1 is-layout-flex wp-block-gallery-is-layout-flex\">\n<figure class=\"wp-block-image size-large\"><img loading=\"lazy\" decoding=\"async\" width=\"1284\" height=\"1774\" data-id=\"363\" src=\"http:\/\/le3.ovh\/wp-content\/uploads\/2022\/08\/Macadre.jpeg\" alt=\"\" class=\"wp-image-363\" srcset=\"https:\/\/le3.ovh\/wp-content\/uploads\/2022\/08\/Macadre.jpeg 1284w, https:\/\/le3.ovh\/wp-content\/uploads\/2022\/08\/Macadre-217x300.jpeg 217w, https:\/\/le3.ovh\/wp-content\/uploads\/2022\/08\/Macadre-741x1024.jpeg 741w, https:\/\/le3.ovh\/wp-content\/uploads\/2022\/08\/Macadre-768x1061.jpeg 768w, https:\/\/le3.ovh\/wp-content\/uploads\/2022\/08\/Macadre-1112x1536.jpeg 1112w\" sizes=\"auto, (max-width: 706px) 89vw, (max-width: 767px) 82vw, 740px\" \/><\/figure>\n<\/figure>\n\n\n\n<h1 class=\"wp-block-heading\"><\/h1>\n\n\n\n<h1 class=\"wp-block-heading\"><strong>Bar tabac de Saint-P\u00e8re<\/strong><\/h1>\n\n\n\n<p class=\"has-text-color has-medium-font-size\" style=\"color:#0007a3\">Un vrai bar-tabac avec ses fid\u00e8les piliers. Serge Gainsbourg venait r\u00e9guli\u00e8rement prendre son caf\u00e9 lorsqu&#8217;il r\u00e9sidait \u00e0 l&#8217;Esp\u00e9rance chez Marc  Meneau. <\/p>\n\n\n\n<h1 class=\"wp-block-heading\"><strong>Boulangerie, \u00e9picerie VIVAL, pharmacie, centre m\u00e9dical, distributeur d&#8217;argent sur V\u00e9zelay<\/strong><\/h1>\n\n\n\n<p class=\"has-vivid-cyan-blue-color has-text-color\"><strong>Attention les distributeurs d&#8217;argent sont rares il faut aller soit \u00e0 V\u00e9zelay ( le distributeur est souvent vide) soit \u00e0 Avallon<\/strong><\/p>\n\n\n\n<h1 class=\"wp-block-heading\"><strong>Le Relais Vauban<\/strong><\/h1>\n\n\n\n<p class=\"has-vivid-cyan-blue-color has-text-color\">Le restaurant de Bazoches, au bas du village avec sa terrasse, ses produits du terroir et ses chambres. Ses croissants et ses pains au chocolat&#8230;<\/p>\n\n\n\n<p class=\"has-vivid-cyan-blue-color has-text-color\" style=\"font-size:18px\">Excellent rapport qualit\u00e9 prix. ATTENTION il faut toujours r\u00e9server jusqu&#8217;\u00e0 une semaine avant. Le mieux est de dire que vous venez de la part de Claude et Andr\u00e9<\/p>\n\n\n\n<p class=\"has-vivid-cyan-blue-color has-text-color\" style=\"font-size:18px\">Contact : 0661995328 et ou 0980611460 ou <a href=\"lerelaisvauban@outlook.fr\">l<strong>erelaisvauban@outlook.fr<\/strong><\/a>  C&#8217;est Freddy qui vous recevra.<\/p>\n\n\n\n<p>Ouvert :<\/p>\n\n\n\n<p>Jeudi de 08:30. 14:0 <\/p>\n\n\n\n<p>Vendredi de 08:30 \u00e0  14:00 et de 19:00  \u00e0 22:00<\/p>\n\n\n\n<p>Samedi de 08:30 \u00e0  14:00 et de 19:00  \u00e0 22:00<\/p>\n\n\n\n<p>Dimanche de 08:30 \u00e0 14:00<\/p>\n\n\n\n<figure class=\"wp-block-gallery has-nested-images columns-default is-cropped wp-block-gallery-2 is-layout-flex wp-block-gallery-is-layout-flex\">\n<figure class=\"wp-block-image\"><img loading=\"lazy\" decoding=\"async\" width=\"1024\" height=\"768\" data-id=\"303\" src=\"http:\/\/le3.ovh\/wp-content\/uploads\/2021\/08\/IMG_0115-1024x768.jpg\" alt=\"\" class=\"wp-image-303\" srcset=\"https:\/\/le3.ovh\/wp-content\/uploads\/2021\/08\/IMG_0115-1024x768.jpg 1024w, https:\/\/le3.ovh\/wp-content\/uploads\/2021\/08\/IMG_0115-300x225.jpg 300w, https:\/\/le3.ovh\/wp-content\/uploads\/2021\/08\/IMG_0115-768x576.jpg 768w\" sizes=\"auto, (max-width: 706px) 89vw, (max-width: 767px) 82vw, 740px\" \/><figcaption class=\"wp-element-caption\">La terrasse ombrag\u00e9e<\/figcaption><\/figure>\n\n\n\n<figure class=\"wp-block-image\"><img loading=\"lazy\" decoding=\"async\" width=\"836\" height=\"1024\" data-id=\"301\" src=\"http:\/\/le3.ovh\/wp-content\/uploads\/2021\/08\/IMG_0261-836x1024.jpg\" alt=\"\" class=\"wp-image-301\" srcset=\"https:\/\/le3.ovh\/wp-content\/uploads\/2021\/08\/IMG_0261-836x1024.jpg 836w, https:\/\/le3.ovh\/wp-content\/uploads\/2021\/08\/IMG_0261-245x300.jpg 245w, https:\/\/le3.ovh\/wp-content\/uploads\/2021\/08\/IMG_0261-768x941.jpg 768w, https:\/\/le3.ovh\/wp-content\/uploads\/2021\/08\/IMG_0261.jpg 1262w\" sizes=\"auto, (max-width: 706px) 89vw, (max-width: 767px) 82vw, 740px\" \/><figcaption class=\"wp-element-caption\">Exemple de menu<\/figcaption><\/figure>\n\n\n\n<figure class=\"wp-block-image\"><img loading=\"lazy\" decoding=\"async\" width=\"1006\" height=\"1024\" data-id=\"304\" src=\"http:\/\/le3.ovh\/wp-content\/uploads\/2021\/08\/IMG_0262-1-1006x1024.jpg\" alt=\"\" class=\"wp-image-304\" srcset=\"https:\/\/le3.ovh\/wp-content\/uploads\/2021\/08\/IMG_0262-1-1006x1024.jpg 1006w, https:\/\/le3.ovh\/wp-content\/uploads\/2021\/08\/IMG_0262-1-295x300.jpg 295w, https:\/\/le3.ovh\/wp-content\/uploads\/2021\/08\/IMG_0262-1-768x782.jpg 768w, https:\/\/le3.ovh\/wp-content\/uploads\/2021\/08\/IMG_0262-1.jpg 1249w\" sizes=\"auto, (max-width: 706px) 89vw, (max-width: 767px) 82vw, 740px\" \/><figcaption class=\"wp-element-caption\">Bon app\u00e9tit<\/figcaption><\/figure>\n<\/figure>\n\n\n\n<p><a href=\"https:\/\/www.facebook.com\/Le-Relais-Vauban-Restaurant-Chambres-dh%C3%B4tes-107000147734061\/\">Acc\u00e8s Facebook<\/a>     <a href=\"http:\/\/@lerelaisvauban\">Instragram<\/a><\/p>\n\n\n\n<h2 class=\"wp-block-heading\"><strong>Le domaine la Croix Montjoie<\/strong><\/h2>\n\n\n\n<p class=\"has-vivid-cyan-blue-color has-text-color\">Au cri de Montjoie Saint Denis les Chevaliers du Temple se regroupaient sous le baussant gonfanon (\u00e9tendard) pour rassembler leurs forces.  C&#8217;est sur la colline Tharoiseau que vous trouverez l&#8217;un des plus anciens vignobles V\u00e9zelien.<\/p>\n\n\n\n<p class=\"has-vivid-cyan-blue-color has-text-color\">De mi- juillet  jusque vers le 15 ao\u00fbt les vignerons Sophie et Mathieu vous accueillent dans un bar \u00e9ph\u00e9m\u00e8re o\u00f9 vous pourrez d\u00e9guster en terrasse des planchettes de saucissons, de fromages et des p\u00e2t\u00e9s. Le tout arros\u00e9 de vins dont le raison a \u00e9t\u00e9 r\u00e9colt\u00e9 et travaill\u00e9 sur place. Le reste de l&#8217;ann\u00e9e le caveau est ouvert pour vous approvisionner en vin de Bourgogne. <\/p>\n\n\n\n<p class=\"has-vivid-cyan-blue-color has-text-color\">ATTENTION IL FAUT RESERVER <strong>0386324094 ou 0617101774<\/strong><\/p>\n\n\n\n<figure class=\"wp-block-image\"><img loading=\"lazy\" decoding=\"async\" width=\"1024\" height=\"495\" src=\"http:\/\/le3.ovh\/wp-content\/uploads\/2021\/08\/IMG_0215-2-1024x495.jpg\" alt=\"\" class=\"wp-image-299\" srcset=\"https:\/\/le3.ovh\/wp-content\/uploads\/2021\/08\/IMG_0215-2-1024x495.jpg 1024w, https:\/\/le3.ovh\/wp-content\/uploads\/2021\/08\/IMG_0215-2-300x145.jpg 300w, https:\/\/le3.ovh\/wp-content\/uploads\/2021\/08\/IMG_0215-2-768x371.jpg 768w\" sizes=\"auto, (max-width: 706px) 89vw, (max-width: 767px) 82vw, 740px\" \/><figcaption class=\"wp-element-caption\"><strong>La vue depuis la terrasse&#8230;. no comment&#8230; V\u00e9zeley au fond \u00e0 droite<\/strong>.<\/figcaption><\/figure>\n\n\n\n<p><a href=\"http:\/\/www.lacroixmontjoie.com\">www.lacroixmontjoie.com<\/a><\/p>\n\n\n\n<h2 class=\"wp-block-heading\"> <strong>Station service<\/strong><\/h2>\n\n\n\n<p class=\"has-vivid-cyan-blue-color has-text-color\">Attention les stations sont rares et principalement sur Avallon, Corbigny ou Lormes. Une chance \u00e0 Saint P\u00e8re une station propose 7\/7 H24 essence et diesel sans choix possible de la qualit\u00e9 du carburant .<\/p>\n\n\n\n<p class=\"has-vivid-cyan-blue-color has-text-color\">Elle se situe \u00e0 la sortie de Saint P\u00e8re en direction d&#8217;Avallon.<\/p>\n\n\n\n<figure class=\"wp-block-image\"><img loading=\"lazy\" decoding=\"async\" width=\"1024\" height=\"768\" src=\"http:\/\/le3.ovh\/wp-content\/uploads\/2021\/08\/IMG_0264-1024x768.jpg\" alt=\"\" class=\"wp-image-309\" srcset=\"https:\/\/le3.ovh\/wp-content\/uploads\/2021\/08\/IMG_0264-1024x768.jpg 1024w, https:\/\/le3.ovh\/wp-content\/uploads\/2021\/08\/IMG_0264-300x225.jpg 300w, https:\/\/le3.ovh\/wp-content\/uploads\/2021\/08\/IMG_0264-768x576.jpg 768w\" sizes=\"auto, (max-width: 706px) 89vw, (max-width: 767px) 82vw, 740px\" \/><\/figure>\n\n\n\n<h2 class=\"wp-block-heading\"><strong>L&#8217;agence postale<\/strong><\/h2>\n\n\n\n<p>l&#8217;agence se trouve sur la route principale en direction de Corbigny juste en face du Relais Vauban. Ouverte le matin<\/p>\n\n\n\n<figure class=\"wp-block-gallery has-nested-images columns-default is-cropped wp-block-gallery-3 is-layout-flex wp-block-gallery-is-layout-flex\">\n<figure class=\"wp-block-image\"><img loading=\"lazy\" decoding=\"async\" width=\"1024\" height=\"518\" data-id=\"321\" src=\"http:\/\/le3.ovh\/wp-content\/uploads\/2021\/08\/IMG_1AA4251024D6-1-1024x518.jpeg\" alt=\"\" class=\"wp-image-321\" srcset=\"https:\/\/le3.ovh\/wp-content\/uploads\/2021\/08\/IMG_1AA4251024D6-1-1024x518.jpeg 1024w, https:\/\/le3.ovh\/wp-content\/uploads\/2021\/08\/IMG_1AA4251024D6-1-300x152.jpeg 300w, https:\/\/le3.ovh\/wp-content\/uploads\/2021\/08\/IMG_1AA4251024D6-1-768x389.jpeg 768w, https:\/\/le3.ovh\/wp-content\/uploads\/2021\/08\/IMG_1AA4251024D6-1.jpeg 1284w\" sizes=\"auto, (max-width: 706px) 89vw, (max-width: 767px) 82vw, 740px\" \/><\/figure>\n\n\n\n<figure class=\"wp-block-image\"><img loading=\"lazy\" decoding=\"async\" width=\"1024\" height=\"412\" data-id=\"324\" src=\"http:\/\/le3.ovh\/wp-content\/uploads\/2021\/08\/IMG_FCA478D487DB-1-1024x412.jpeg\" alt=\"\" class=\"wp-image-324\" srcset=\"https:\/\/le3.ovh\/wp-content\/uploads\/2021\/08\/IMG_FCA478D487DB-1-1024x412.jpeg 1024w, https:\/\/le3.ovh\/wp-content\/uploads\/2021\/08\/IMG_FCA478D487DB-1-300x121.jpeg 300w, https:\/\/le3.ovh\/wp-content\/uploads\/2021\/08\/IMG_FCA478D487DB-1-768x309.jpeg 768w, https:\/\/le3.ovh\/wp-content\/uploads\/2021\/08\/IMG_FCA478D487DB-1.jpeg 1284w\" sizes=\"auto, (max-width: 706px) 89vw, (max-width: 767px) 82vw, 740px\" \/><\/figure>\n<\/figure>\n\n\n\n<h2 class=\"wp-block-heading\"><strong>Le march\u00e9 \u00e0 Lormes<\/strong><\/h2>\n\n\n\n<p class=\"has-text-color has-medium-font-size\" style=\"color:#0002a3\">Lormes est \u00e0 20 minutes de route, c&#8217;est une petite ville du Morvan avec son petit march\u00e9  du jeudi matin. Il y a une bonne p\u00e2tisserie sur place et un bar tabac.<\/p>\n\n\n\n<h1 class=\"wp-block-heading\"><strong>Auchan \u00e0 Avallon&nbsp;(bof&#8230;)<\/strong><\/h1>\n\n\n\n<p class=\"has-text-color has-medium-font-size\" style=\"color:#0029a3\">Ouvert comme tous les Auchan du monde avec sa galerie marchande son distributeur d&#8217;argent et \u00e9videmment sa zone commerciale, Gifi, Weldom, Afflelou, Kiabi, Cache-cache, Mc Do.<\/p>\n\n\n\n<p class=\"has-vivid-cyan-blue-color has-text-color\"><strong>Le distributeur est dans la galerie marchande<\/strong><\/p>\n\n\n\n<p class=\"has-vivid-cyan-blue-color has-text-color\"><strong>La station service est \u00e0 c\u00f4t\u00e9 du Mc Donald <\/strong><\/p>\n\n\n\n<p class=\"has-text-color has-medium-font-size\" style=\"color:#0002a3\">Pas forc\u00e9ment moins cher, au contraire et en tous les cas bien industriel. <\/p>\n\n\n\n<h2 class=\"wp-block-heading\"><strong>Parc pour enfants<\/strong><\/h2>\n\n\n\n<p class=\"has-vivid-cyan-blue-color has-text-color\">Dans la vall\u00e9e du Cousin, au bord de l&#8217;eau se trouve un parc pour enfants. balan\u00e7oire, toboggan, araign\u00e9e, mini golf, sable, tourniquet, module \u00e0 grimper etc.<\/p>\n\n\n\n<p class=\"has-vivid-cyan-blue-color has-text-color\">Il y a des bancs pour le pique-nique, un grand parking bien \u00e0 l&#8217;\u00e9cart. Pour y acc\u00e9der depuis Saint P\u00e8re direction Avallon, dans Pontaubert \u00e0 droite, le panneau annonce Avallon par le Cousin. <\/p>\n\n\n\n<figure class=\"wp-block-image\"><img loading=\"lazy\" decoding=\"async\" width=\"1024\" height=\"768\" src=\"http:\/\/le3.ovh\/wp-content\/uploads\/2021\/08\/IMG_0266-1024x768.jpg\" alt=\"\" class=\"wp-image-316\" srcset=\"https:\/\/le3.ovh\/wp-content\/uploads\/2021\/08\/IMG_0266-1024x768.jpg 1024w, https:\/\/le3.ovh\/wp-content\/uploads\/2021\/08\/IMG_0266-300x225.jpg 300w, https:\/\/le3.ovh\/wp-content\/uploads\/2021\/08\/IMG_0266-768x576.jpg 768w\" sizes=\"auto, (max-width: 706px) 89vw, (max-width: 767px) 82vw, 740px\" \/><\/figure>\n","protected":false},"excerpt":{"rendered":"<p>Vous trouverez tout sur place, march\u00e9, boucher traiteur, \u00e9picerie, boulanger et supermarch\u00e9 \u00e0 condition de prendre la voiture. D&#8217;une fa\u00e7on g\u00e9n\u00e9rale pr\u00e9voyez toujours de v\u00e9rifier les heures d&#8217;ouvertures avant de vous d\u00e9placer chez un commer\u00e7ant, les horaires peuvent varier selon les saisons&#8230; Tourn\u00e9e du camion \u00e9picerie Le camion s&#8217;arr\u00eate devant la maison tous les mardis, &hellip; <\/p>\n<p class=\"link-more\"><a href=\"https:\/\/le3.ovh\/index.php\/pour-venir\/pratique-sur-place\/\" class=\"more-link\">Continue reading<span class=\"screen-reader-text\"> &#8220;Services sur place&#8221;<\/span><\/a><\/p>\n","protected":false},"author":1,"featured_media":0,"parent":92,"menu_order":4,"comment_status":"closed","ping_status":"closed","template":"","meta":{"footnotes":""},"class_list":["post-57","page","type-page","status-publish","hentry"],"_links":{"self":[{"href":"https:\/\/le3.ovh\/index.php\/wp-json\/wp\/v2\/pages\/57","targetHints":{"allow":["GET"]}}],"collection":[{"href":"https:\/\/le3.ovh\/index.php\/wp-json\/wp\/v2\/pages"}],"about":[{"href":"https:\/\/le3.ovh\/index.php\/wp-json\/wp\/v2\/types\/page"}],"author":[{"embeddable":true,"href":"https:\/\/le3.ovh\/index.php\/wp-json\/wp\/v2\/users\/1"}],"replies":[{"embeddable":true,"href":"https:\/\/le3.ovh\/index.php\/wp-json\/wp\/v2\/comments?post=57"}],"version-history":[{"count":41,"href":"https:\/\/le3.ovh\/index.php\/wp-json\/wp\/v2\/pages\/57\/revisions"}],"predecessor-version":[{"id":412,"href":"https:\/\/le3.ovh\/index.php\/wp-json\/wp\/v2\/pages\/57\/revisions\/412"}],"up":[{"embeddable":true,"href":"https:\/\/le3.ovh\/index.php\/wp-json\/wp\/v2\/pages\/92"}],"wp:attachment":[{"href":"https:\/\/le3.ovh\/index.php\/wp-json\/wp\/v2\/media?parent=57"}],"curies":[{"name":"wp","href":"https:\/\/api.w.org\/{rel}","templated":true}]}}