{"id":21,"date":"2022-02-01T23:45:09","date_gmt":"2022-02-01T22:45:09","guid":{"rendered":"http:\/\/le3.ovh\/?page_id=21"},"modified":"2025-06-27T10:10:06","modified_gmt":"2025-06-27T08:10:06","slug":"decouvrir-le-3","status":"publish","type":"page","link":"https:\/\/le3.ovh\/index.php\/pour-venir\/decouvrir-le-3\/","title":{"rendered":"D\u00e9couvrir le 3"},"content":{"rendered":"\n<figure class=\"wp-block-image\"><img loading=\"lazy\" decoding=\"async\" width=\"1024\" height=\"496\" src=\"http:\/\/le3.ovh\/wp-content\/uploads\/2019\/10\/La-maison-1024x496.jpg\" alt=\"\" class=\"wp-image-74\" srcset=\"https:\/\/le3.ovh\/wp-content\/uploads\/2019\/10\/La-maison-1024x496.jpg 1024w, https:\/\/le3.ovh\/wp-content\/uploads\/2019\/10\/La-maison-300x145.jpg 300w, https:\/\/le3.ovh\/wp-content\/uploads\/2019\/10\/La-maison-768x372.jpg 768w\" sizes=\"auto, (max-width: 706px) 89vw, (max-width: 767px) 82vw, 740px\" \/><\/figure>\n\n\n\n<p class=\"has-text-color has-medium-font-size\" style=\"color:#041dc4\">Le 3 est la maison de droite sur la photo, derri\u00e8re le tilleul, il a son entr\u00e9e s\u00e9par\u00e9e et son parking. <\/p>\n\n\n\n<p class=\"has-text-color has-medium-font-size\" style=\"color:#0e04c6\">Nous sommes au 1 c&#8217;est \u00e0 dire la maison de gauche, chacun peut entrer et sortir sans d\u00e9ranger l&#8217;autre.<\/p>\n\n\n<div class=\"wp-block-image\">\n<figure class=\"alignright is-resized\"><img loading=\"lazy\" decoding=\"async\" width=\"1024\" height=\"768\" src=\"http:\/\/le3.ovh\/wp-content\/uploads\/2019\/10\/IMG_0994-1024x768.jpg\" alt=\"\" class=\"wp-image-80\" style=\"width:381px;height:286px\" srcset=\"https:\/\/le3.ovh\/wp-content\/uploads\/2019\/10\/IMG_0994-1024x768.jpg 1024w, https:\/\/le3.ovh\/wp-content\/uploads\/2019\/10\/IMG_0994-300x225.jpg 300w, https:\/\/le3.ovh\/wp-content\/uploads\/2019\/10\/IMG_0994-768x576.jpg 768w\" sizes=\"auto, (max-width: 706px) 89vw, (max-width: 767px) 82vw, 740px\" \/><\/figure>\n<\/div>\n\n\n<p class=\"has-text-color has-medium-font-size\" style=\"color:#1106e5\">Le 3 est ind\u00e9pendant du reste de la propri\u00e9t\u00e9. Le figuier contre la fen\u00eatre de la salle \u00e0 manger filtre la lumi\u00e8re et apporte une certaine discr\u00e9tion. La porte c\u00f4t\u00e9 cour acc\u00e8de directement au salon.<\/p>\n\n\n\n<p class=\"has-text-color has-medium-font-size\" style=\"color:#0345c8\">Le salon est la pi\u00e8ce centrale du 3, les fauteuils sont dispos\u00e9s \u00e0 c\u00f4t\u00e9 de la chemin\u00e9e et d&#8217;un bon po\u00eale \u00e0 bois. Une t\u00e9l\u00e9vision, un lecteur de DVD avec radio et une petite biblioth\u00e8que permettent de passer le temps agr\u00e9ablement. .<\/p>\n\n\n\n<figure class=\"wp-block-image size-large\"><img loading=\"lazy\" decoding=\"async\" width=\"1024\" height=\"588\" src=\"http:\/\/le3.ovh\/wp-content\/uploads\/2025\/06\/IMG_4076-2-1024x588.jpg\" alt=\"\" class=\"wp-image-393\" srcset=\"https:\/\/le3.ovh\/wp-content\/uploads\/2025\/06\/IMG_4076-2-1024x588.jpg 1024w, https:\/\/le3.ovh\/wp-content\/uploads\/2025\/06\/IMG_4076-2-300x172.jpg 300w, https:\/\/le3.ovh\/wp-content\/uploads\/2025\/06\/IMG_4076-2-768x441.jpg 768w, https:\/\/le3.ovh\/wp-content\/uploads\/2025\/06\/IMG_4076-2-1536x882.jpg 1536w, https:\/\/le3.ovh\/wp-content\/uploads\/2025\/06\/IMG_4076-2-2048x1175.jpg 2048w\" sizes=\"auto, (max-width: 706px) 89vw, (max-width: 767px) 82vw, 740px\" \/><\/figure>\n\n\n\n<figure class=\"wp-block-image size-large\"><img loading=\"lazy\" decoding=\"async\" width=\"1024\" height=\"513\" src=\"http:\/\/le3.ovh\/wp-content\/uploads\/2025\/06\/IMG_4075-2-1024x513.jpg\" alt=\"\" class=\"wp-image-392\" srcset=\"https:\/\/le3.ovh\/wp-content\/uploads\/2025\/06\/IMG_4075-2-1024x513.jpg 1024w, https:\/\/le3.ovh\/wp-content\/uploads\/2025\/06\/IMG_4075-2-300x150.jpg 300w, https:\/\/le3.ovh\/wp-content\/uploads\/2025\/06\/IMG_4075-2-768x385.jpg 768w, https:\/\/le3.ovh\/wp-content\/uploads\/2025\/06\/IMG_4075-2-1536x769.jpg 1536w, https:\/\/le3.ovh\/wp-content\/uploads\/2025\/06\/IMG_4075-2-2048x1025.jpg 2048w\" sizes=\"auto, (max-width: 706px) 89vw, (max-width: 767px) 82vw, 740px\" \/><\/figure>\n\n\n\n<figure class=\"wp-block-image size-large\"><img loading=\"lazy\" decoding=\"async\" width=\"1024\" height=\"492\" src=\"http:\/\/le3.ovh\/wp-content\/uploads\/2025\/06\/IMG_4074-2-1024x492.jpg\" alt=\"\" class=\"wp-image-391\" srcset=\"https:\/\/le3.ovh\/wp-content\/uploads\/2025\/06\/IMG_4074-2-1024x492.jpg 1024w, https:\/\/le3.ovh\/wp-content\/uploads\/2025\/06\/IMG_4074-2-300x144.jpg 300w, https:\/\/le3.ovh\/wp-content\/uploads\/2025\/06\/IMG_4074-2-768x369.jpg 768w, https:\/\/le3.ovh\/wp-content\/uploads\/2025\/06\/IMG_4074-2-1536x738.jpg 1536w, https:\/\/le3.ovh\/wp-content\/uploads\/2025\/06\/IMG_4074-2-2048x983.jpg 2048w\" sizes=\"auto, (max-width: 706px) 89vw, (max-width: 767px) 82vw, 740px\" \/><\/figure>\n\n\n\n<p class=\"has-text-color has-medium-font-size\" style=\"color:#0210d4\">Le salon est tr\u00e8s lumineux avec vue sur le ch\u00e2teau de Bazoches. Il y a deux entr\u00e9es, l&#8217;une c\u00f4t\u00e9 cour, l&#8217;autre donne sur la rue. <\/p>\n\n\n\n<p class=\"has-vivid-purple-color has-text-color has-link-color has-medium-font-size wp-elements-bbde8aba49bb9a5fa5e4e5ea51a6782e\">La salle \u00e0 manger est petite mais bien \u00e9quip\u00e9e, elle a ce c\u00f4t\u00e9 vieillot charmant qui d\u00e9croche du temps&#8230;<\/p>\n\n\n\n<figure class=\"wp-block-image size-large\"><img loading=\"lazy\" decoding=\"async\" width=\"1024\" height=\"501\" src=\"http:\/\/le3.ovh\/wp-content\/uploads\/2025\/06\/IMG_4072-2-1024x501.jpg\" alt=\"\" class=\"wp-image-389\" srcset=\"https:\/\/le3.ovh\/wp-content\/uploads\/2025\/06\/IMG_4072-2-1024x501.jpg 1024w, https:\/\/le3.ovh\/wp-content\/uploads\/2025\/06\/IMG_4072-2-300x147.jpg 300w, https:\/\/le3.ovh\/wp-content\/uploads\/2025\/06\/IMG_4072-2-768x376.jpg 768w, https:\/\/le3.ovh\/wp-content\/uploads\/2025\/06\/IMG_4072-2-1536x751.jpg 1536w, https:\/\/le3.ovh\/wp-content\/uploads\/2025\/06\/IMG_4072-2-2048x1001.jpg 2048w\" sizes=\"auto, (max-width: 706px) 89vw, (max-width: 767px) 82vw, 740px\" \/><\/figure>\n\n\n\n<figure class=\"wp-block-image size-large\"><img loading=\"lazy\" decoding=\"async\" width=\"1024\" height=\"531\" src=\"http:\/\/le3.ovh\/wp-content\/uploads\/2025\/06\/IMG_4073-2-1024x531.jpg\" alt=\"\" class=\"wp-image-390\" srcset=\"https:\/\/le3.ovh\/wp-content\/uploads\/2025\/06\/IMG_4073-2-1024x531.jpg 1024w, https:\/\/le3.ovh\/wp-content\/uploads\/2025\/06\/IMG_4073-2-300x155.jpg 300w, https:\/\/le3.ovh\/wp-content\/uploads\/2025\/06\/IMG_4073-2-768x398.jpg 768w, https:\/\/le3.ovh\/wp-content\/uploads\/2025\/06\/IMG_4073-2-1536x796.jpg 1536w, https:\/\/le3.ovh\/wp-content\/uploads\/2025\/06\/IMG_4073-2-2048x1061.jpg 2048w\" sizes=\"auto, (max-width: 706px) 89vw, (max-width: 767px) 82vw, 740px\" \/><\/figure>\n\n\n<div class=\"wp-block-image\">\n<figure class=\"alignright size-large is-resized\"><img loading=\"lazy\" decoding=\"async\" width=\"768\" height=\"1024\" src=\"http:\/\/le3.ovh\/wp-content\/uploads\/2019\/10\/Cuisine-1-e1570916867386-768x1024.jpg\" alt=\"\" class=\"wp-image-33\" style=\"width:299px;height:auto\" srcset=\"https:\/\/le3.ovh\/wp-content\/uploads\/2019\/10\/Cuisine-1-e1570916867386-768x1024.jpg 768w, https:\/\/le3.ovh\/wp-content\/uploads\/2019\/10\/Cuisine-1-e1570916867386-225x300.jpg 225w\" sizes=\"auto, (max-width: 706px) 89vw, (max-width: 767px) 82vw, 740px\" \/><\/figure>\n<\/div>\n\n\n<p class=\"has-text-color has-medium-font-size\" style=\"color:#0e0adb\">La cuisine est \u00e9quip\u00e9e d&#8217;une plaque \u00e0 induction, d&#8217;un four, d&#8217;un r\u00e9frig\u00e9rateur et d&#8217;un lave linge<\/p>\n\n\n\n<p class=\"has-text-color has-medium-font-size\" style=\"color:#1807d2\">Une machine Nespresso, une cafeti\u00e8re \u00e0 filtre, une air fryer et une bouilloire attendent votre bon plaisir. Assiettes, couverts, verres et casseroles sont rang\u00e9s dans les tiroirs<\/p>\n\n\n\n<p class=\"has-text-align-left has-text-color has-medium-font-size\" style=\"color:#0300a3\">Du caf\u00e9 et du th\u00e9 sont sur place pour un 1er petit d\u00e9jeuner. <\/p>\n\n\n<div class=\"wp-block-image\">\n<figure class=\"alignleft size-large is-resized\"><img loading=\"lazy\" decoding=\"async\" width=\"768\" height=\"1024\" src=\"http:\/\/le3.ovh\/wp-content\/uploads\/2019\/10\/Cuisine-2-e1570916846907-768x1024.jpg\" alt=\"\" class=\"wp-image-34\" style=\"width:273px;height:auto\" srcset=\"https:\/\/le3.ovh\/wp-content\/uploads\/2019\/10\/Cuisine-2-e1570916846907-768x1024.jpg 768w, https:\/\/le3.ovh\/wp-content\/uploads\/2019\/10\/Cuisine-2-e1570916846907-225x300.jpg 225w\" sizes=\"auto, (max-width: 706px) 89vw, (max-width: 767px) 82vw, 740px\" \/><\/figure>\n<\/div>\n\n\n<p class=\"has-text-color has-medium-font-size\" style=\"color:#070ed2\">Quelques condiments sucre, sel, poivre etc. sont disponibles, il suffit de garnir le r\u00e9frig\u00e9rateur pour se pr\u00e9parer un bon repas. Consultez la page &#8220;Services sur place&#8221; pour d\u00e9couvrir les traiteurs, boulangers et \u00e9piciers sur place.<\/p>\n\n\n\n<p class=\"has-text-color has-medium-font-size\" style=\"color:#1d05d1\">Les chambres sont \u00e0 l&#8217;arri\u00e8re, au calme. La chambre principale est \u00e9quip\u00e9e d&#8217;un double lit et de tables de chevet. Au pied du lit, deux si\u00e8ges bas. Une radio est sur une table de nuit seule France bleue est accessible car la r\u00e9gion est mal desservie en ondes radio.<\/p>\n\n\n\n<p class=\"has-vivid-purple-color has-text-color has-link-color has-medium-font-size wp-elements-ca238e1eaaee0d3aca1fcd561519d8f3\">La chambre \u00e0 coucher est assez vaste, bien isol\u00e9e<\/p>\n\n\n\n<p class=\"has-text-color has-medium-font-size\" style=\"color:#0411cd\">Les sommiers sont \u00e0 lattes, chacun son matelas. Les draps et les couvertures sont fournis. Par souci d&#8217;hygi\u00e8ne il n&#8217;y a pas de tapis au sol.<\/p>\n\n\n\n<p class=\"has-text-color has-medium-font-size\" style=\"color:#0805cf\"><\/p>\n\n\n\n<figure class=\"wp-block-image size-large\"><img loading=\"lazy\" decoding=\"async\" width=\"1024\" height=\"656\" src=\"http:\/\/le3.ovh\/wp-content\/uploads\/2025\/06\/IMG_4077-2-1024x656.jpg\" alt=\"\" class=\"wp-image-394\" srcset=\"https:\/\/le3.ovh\/wp-content\/uploads\/2025\/06\/IMG_4077-2-1024x656.jpg 1024w, https:\/\/le3.ovh\/wp-content\/uploads\/2025\/06\/IMG_4077-2-300x192.jpg 300w, https:\/\/le3.ovh\/wp-content\/uploads\/2025\/06\/IMG_4077-2-768x492.jpg 768w, https:\/\/le3.ovh\/wp-content\/uploads\/2025\/06\/IMG_4077-2-1536x984.jpg 1536w, https:\/\/le3.ovh\/wp-content\/uploads\/2025\/06\/IMG_4077-2-2048x1312.jpg 2048w\" sizes=\"auto, (max-width: 706px) 89vw, (max-width: 767px) 82vw, 740px\" \/><\/figure>\n\n\n<div class=\"wp-block-image\">\n<figure class=\"alignright size-large is-resized\"><img loading=\"lazy\" decoding=\"async\" width=\"768\" height=\"1024\" src=\"http:\/\/le3.ovh\/wp-content\/uploads\/2019\/10\/Chambre-2-e1570919022646-768x1024.jpg\" alt=\"\" class=\"wp-image-30\" style=\"width:459px;height:auto\" srcset=\"https:\/\/le3.ovh\/wp-content\/uploads\/2019\/10\/Chambre-2-e1570919022646-768x1024.jpg 768w, https:\/\/le3.ovh\/wp-content\/uploads\/2019\/10\/Chambre-2-e1570919022646-225x300.jpg 225w\" sizes=\"auto, (max-width: 706px) 89vw, (max-width: 767px) 82vw, 740px\" \/><\/figure>\n<\/div>\n\n\n<p><\/p>\n\n\n\n<p class=\"has-text-color has-medium-font-size\" style=\"color:#0805cf\">La deuxi\u00e8me chambre est plus petite, \u00e9quip\u00e9e d&#8217;un lit superpos\u00e9 pr\u00e9vu pour accueillir des adultes. Les enfants ne seront que plus \u00e0 l&#8217;aise dans un grand lit, la chambre a vue sur le jardin de la maison.<br><\/p>\n\n\n\n<p><br><\/p>\n\n\n<div class=\"wp-block-image\">\n<figure class=\"alignleft is-resized\"><img loading=\"lazy\" decoding=\"async\" width=\"768\" height=\"1024\" src=\"http:\/\/le3.ovh\/wp-content\/uploads\/2019\/10\/SDB-e1570916898669-768x1024.jpg\" alt=\"\" class=\"wp-image-26\" style=\"width:339px;height:451px\" srcset=\"https:\/\/le3.ovh\/wp-content\/uploads\/2019\/10\/SDB-e1570916898669-768x1024.jpg 768w, https:\/\/le3.ovh\/wp-content\/uploads\/2019\/10\/SDB-e1570916898669-225x300.jpg 225w\" sizes=\"auto, (max-width: 706px) 89vw, (max-width: 767px) 82vw, 740px\" \/><\/figure>\n<\/div>\n\n\n<p class=\"has-text-color has-medium-font-size\" style=\"color:#0f05d1\"><\/p>\n\n\n\n<p class=\"has-text-color has-medium-font-size\" style=\"color:#1005d6\">                                                                         La salle de bain est bien chaude, \u00e9quip\u00e9e d&#8217;un grand radiateur chauffe-serviettes et d&#8217;une douche. <\/p>\n\n\n\n<p class=\"has-text-color has-medium-font-size\" style=\"color:#082ed4\">Les WC sont dans la salle de bain.<\/p>\n\n\n\n<p class=\"has-text-color has-medium-font-size\" style=\"color:#0823d1\">Une fen\u00eatre permet d&#8217;a\u00e9rer la salle de bain.<\/p>\n\n\n\n<p class=\"has-text-color has-medium-font-size\" style=\"color:#000ba3\"><\/p>\n\n\n\n<figure class=\"wp-block-image is-resized\"><img loading=\"lazy\" decoding=\"async\" width=\"1024\" height=\"1024\" src=\"http:\/\/le3.ovh\/wp-content\/uploads\/2019\/10\/IMG_0823-1024x1024.jpg\" alt=\"\" class=\"wp-image-119\" style=\"width:222px;height:222px\" srcset=\"https:\/\/le3.ovh\/wp-content\/uploads\/2019\/10\/IMG_0823-1024x1024.jpg 1024w, https:\/\/le3.ovh\/wp-content\/uploads\/2019\/10\/IMG_0823-150x150.jpg 150w, https:\/\/le3.ovh\/wp-content\/uploads\/2019\/10\/IMG_0823-300x300.jpg 300w, https:\/\/le3.ovh\/wp-content\/uploads\/2019\/10\/IMG_0823-768x768.jpg 768w, https:\/\/le3.ovh\/wp-content\/uploads\/2019\/10\/IMG_0823-100x100.jpg 100w\" sizes=\"auto, (max-width: 706px) 89vw, (max-width: 767px) 82vw, 740px\" \/><\/figure>\n\n\n\n<p class=\"has-vivid-purple-color has-text-color has-link-color has-medium-font-size wp-elements-5d6c63655be7890d16feac48bb89ce76\">Nos voisines sont romantiques, sensibles et tr\u00e8s discr\u00e8tes, elles se cachent derri\u00e8re les haies et peuvent vous espionner. Imaginez leurs commentaires&#8230;<\/p>\n\n\n\n<p><\/p>\n\n\n\n<figure class=\"wp-block-image\"><img loading=\"lazy\" decoding=\"async\" width=\"640\" height=\"480\" src=\"http:\/\/le3.ovh\/wp-content\/uploads\/2019\/10\/IMG_9951.jpg\" alt=\"\" class=\"wp-image-156\" srcset=\"https:\/\/le3.ovh\/wp-content\/uploads\/2019\/10\/IMG_9951.jpg 640w, https:\/\/le3.ovh\/wp-content\/uploads\/2019\/10\/IMG_9951-300x225.jpg 300w\" sizes=\"auto, (max-width: 640px) 100vw, 640px\" \/><\/figure>\n\n\n\n<figure class=\"wp-block-image\"><img loading=\"lazy\" decoding=\"async\" width=\"1024\" height=\"768\" src=\"http:\/\/le3.ovh\/wp-content\/uploads\/2019\/10\/IMG_9685-1024x768.jpg\" alt=\"\" class=\"wp-image-155\" srcset=\"https:\/\/le3.ovh\/wp-content\/uploads\/2019\/10\/IMG_9685-1024x768.jpg 1024w, https:\/\/le3.ovh\/wp-content\/uploads\/2019\/10\/IMG_9685-300x225.jpg 300w, https:\/\/le3.ovh\/wp-content\/uploads\/2019\/10\/IMG_9685-768x576.jpg 768w\" sizes=\"auto, (max-width: 706px) 89vw, (max-width: 767px) 82vw, 740px\" \/><\/figure>\n\n\n\n<figure class=\"wp-block-image\"><img loading=\"lazy\" decoding=\"async\" width=\"1024\" height=\"768\" src=\"http:\/\/le3.ovh\/wp-content\/uploads\/2019\/10\/IMG_0548-1024x768.jpg\" alt=\"\" class=\"wp-image-113\" srcset=\"https:\/\/le3.ovh\/wp-content\/uploads\/2019\/10\/IMG_0548-1024x768.jpg 1024w, https:\/\/le3.ovh\/wp-content\/uploads\/2019\/10\/IMG_0548-300x225.jpg 300w, https:\/\/le3.ovh\/wp-content\/uploads\/2019\/10\/IMG_0548-768x576.jpg 768w, https:\/\/le3.ovh\/wp-content\/uploads\/2019\/10\/IMG_0548.jpg 2016w\" sizes=\"auto, (max-width: 706px) 89vw, (max-width: 767px) 82vw, 740px\" \/><\/figure>\n\n\n\n<figure class=\"wp-block-image\"><img loading=\"lazy\" decoding=\"async\" width=\"1024\" height=\"768\" src=\"http:\/\/le3.ovh\/wp-content\/uploads\/2019\/10\/Bazoches-1024x768.jpg\" alt=\"\" class=\"wp-image-6\" srcset=\"https:\/\/le3.ovh\/wp-content\/uploads\/2019\/10\/Bazoches-1024x768.jpg 1024w, https:\/\/le3.ovh\/wp-content\/uploads\/2019\/10\/Bazoches-300x225.jpg 300w, https:\/\/le3.ovh\/wp-content\/uploads\/2019\/10\/Bazoches-768x576.jpg 768w, https:\/\/le3.ovh\/wp-content\/uploads\/2019\/10\/Bazoches-1568x1176.jpg 1568w\" sizes=\"auto, (max-width: 706px) 89vw, (max-width: 767px) 82vw, 740px\" \/><\/figure>\n\n\n","protected":false},"excerpt":{"rendered":"<p>Le 3 est la maison de droite sur la photo, derri\u00e8re le tilleul, il a son entr\u00e9e s\u00e9par\u00e9e et son parking. Nous sommes au 1 c&#8217;est \u00e0 dire la maison de gauche, chacun peut entrer et sortir sans d\u00e9ranger l&#8217;autre. Le 3 est ind\u00e9pendant du reste de la propri\u00e9t\u00e9. Le figuier contre la fen\u00eatre de &hellip; <\/p>\n<p class=\"link-more\"><a href=\"https:\/\/le3.ovh\/index.php\/pour-venir\/decouvrir-le-3\/\" class=\"more-link\">Continue reading<span class=\"screen-reader-text\"> &#8220;D\u00e9couvrir le 3&#8221;<\/span><\/a><\/p>\n","protected":false},"author":1,"featured_media":0,"parent":92,"menu_order":2,"comment_status":"closed","ping_status":"closed","template":"","meta":{"footnotes":""},"class_list":["post-21","page","type-page","status-publish","hentry"],"_links":{"self":[{"href":"https:\/\/le3.ovh\/index.php\/wp-json\/wp\/v2\/pages\/21","targetHints":{"allow":["GET"]}}],"collection":[{"href":"https:\/\/le3.ovh\/index.php\/wp-json\/wp\/v2\/pages"}],"about":[{"href":"https:\/\/le3.ovh\/index.php\/wp-json\/wp\/v2\/types\/page"}],"author":[{"embeddable":true,"href":"https:\/\/le3.ovh\/index.php\/wp-json\/wp\/v2\/users\/1"}],"replies":[{"embeddable":true,"href":"https:\/\/le3.ovh\/index.php\/wp-json\/wp\/v2\/comments?post=21"}],"version-history":[{"count":38,"href":"https:\/\/le3.ovh\/index.php\/wp-json\/wp\/v2\/pages\/21\/revisions"}],"predecessor-version":[{"id":405,"href":"https:\/\/le3.ovh\/index.php\/wp-json\/wp\/v2\/pages\/21\/revisions\/405"}],"up":[{"embeddable":true,"href":"https:\/\/le3.ovh\/index.php\/wp-json\/wp\/v2\/pages\/92"}],"wp:attachment":[{"href":"https:\/\/le3.ovh\/index.php\/wp-json\/wp\/v2\/media?parent=21"}],"curies":[{"name":"wp","href":"https:\/\/api.w.org\/{rel}","templated":true}]}}